{"id":6119,"date":"2024-06-11T03:35:01","date_gmt":"2024-06-11T00:35:01","guid":{"rendered":"https:\/\/asetboya.com\/?page_id=6119"},"modified":"2024-06-11T03:38:37","modified_gmt":"2024-06-11T00:38:37","slug":"aski-tipi-kumlama","status":"publish","type":"page","link":"https:\/\/asetboya.com\/index.php\/aski-tipi-kumlama\/","title":{"rendered":"Ask\u0131 Tipi Kumlama"},"content":{"rendered":"\t\t<div data-elementor-type=\"wp-page\" data-elementor-id=\"6119\" class=\"elementor elementor-6119\">\n\t\t\t\t\t\t<section class=\"elementor-section elementor-top-section elementor-element elementor-element-35b8a936 elementor-section-boxed elementor-section-height-default elementor-section-height-default\" data-id=\"35b8a936\" data-element_type=\"section\" data-settings=\"{&quot;background_background&quot;:&quot;classic&quot;}\">\n\t\t\t\t\t\t\t<div class=\"elementor-background-overlay\"><\/div>\n\t\t\t\t\t\t\t<div class=\"elementor-container elementor-column-gap-default\">\n\t\t\t\t\t<div class=\"elementor-column elementor-col-100 elementor-top-column elementor-element elementor-element-776a7258\" data-id=\"776a7258\" data-element_type=\"column\">\n\t\t\t<div class=\"elementor-widget-wrap elementor-element-populated\">\n\t\t\t\t\t\t<div class=\"elementor-element elementor-element-45472c82 elementor-widget elementor-widget-mae-post-content-title\" data-id=\"45472c82\" data-element_type=\"widget\" data-widget_type=\"mae-post-content-title.default\">\n\t\t\t\t<div class=\"elementor-widget-container\">\n\t\t\t<div class=\"hentry\"><h1 class=\"post-title\">Main Footer<\/h1><\/div>\t\t<\/div>\n\t\t\t\t<\/div>\n\t\t\t\t<div class=\"elementor-element elementor-element-4d1c08c1 elementor-widget elementor-widget-text-editor\" data-id=\"4d1c08c1\" data-element_type=\"widget\" data-widget_type=\"text-editor.default\">\n\t\t\t\t<div class=\"elementor-widget-container\">\n\t\t\t<style>\/*! elementor - v3.21.0 - 26-05-2024 *\/\n.elementor-widget-text-editor.elementor-drop-cap-view-stacked .elementor-drop-cap{background-color:#69727d;color:#fff}.elementor-widget-text-editor.elementor-drop-cap-view-framed .elementor-drop-cap{color:#69727d;border:3px solid;background-color:transparent}.elementor-widget-text-editor:not(.elementor-drop-cap-view-default) .elementor-drop-cap{margin-top:8px}.elementor-widget-text-editor:not(.elementor-drop-cap-view-default) .elementor-drop-cap-letter{width:1em;height:1em}.elementor-widget-text-editor .elementor-drop-cap{float:left;text-align:center;line-height:1;font-size:50px}.elementor-widget-text-editor .elementor-drop-cap-letter{display:inline-block}<\/style>\t\t\t\t<p>Metal malzemelere, y\u00fczey temizleme i\u015flemi olarak uygulan\u0131r. Metal par\u00e7a y\u00fczeyindeki kaynak ve lazer kesim \u00e7apaklar\u0131, metal curuflar, pas, tufal vb. gibi kal\u0131nt\u0131lar\u0131n temizlenmesi i\u00e7in etkili uygun bir y\u00f6ntemdir.<\/p>\t\t\t\t\t\t<\/div>\n\t\t\t\t<\/div>\n\t\t\t\t<section class=\"elementor-section elementor-inner-section elementor-element elementor-element-f699043 elementor-section-content-middle elementor-section-boxed elementor-section-height-default elementor-section-height-default\" data-id=\"f699043\" data-element_type=\"section\">\n\t\t\t\t\t\t<div class=\"elementor-container elementor-column-gap-no\">\n\t\t\t\t\t<div class=\"elementor-column elementor-col-100 elementor-inner-column elementor-element elementor-element-4e7a5745\" data-id=\"4e7a5745\" data-element_type=\"column\">\n\t\t\t<div class=\"elementor-widget-wrap elementor-element-populated\">\n\t\t\t\t\t\t<div class=\"elementor-element elementor-element-3bac7217 heading-default elementor-widget elementor-widget-mae-headings\" data-id=\"3bac7217\" data-element_type=\"widget\" data-widget_type=\"mae-headings.default\">\n\t\t\t\t<div class=\"elementor-widget-container\">\n\t\t\t\t\t<div class=\"master-heading sep-none\">\n\t\t\t\t\t\t\t        \n\t        \n\t        \t        <h2 class=\"main-heading\">Makine Parkuru:<\/h2>\n\t        \n\t        \n\t        \t    <\/div>\n\t    \t\t<\/div>\n\t\t\t\t<\/div>\n\t\t\t\t<div class=\"elementor-element elementor-element-5ec7263d list-default icon-default elementor-widget elementor-widget-mae-list\" data-id=\"5ec7263d\" data-element_type=\"widget\" data-widget_type=\"mae-list.default\">\n\t\t\t\t<div class=\"elementor-widget-container\">\n\t\t\t\n\t\t<div class=\"master-list\">\n\t\t\t\t\t\t\t<div class=\"master-icon-text list-item\">\n\t\t\t\t        \t\t\t        <div class=\"icon-wrap\">\n    \t\t\t\t        <i aria-hidden=\"true\" class=\"ci ci-check2\"><\/i>    \t\t\t        <\/div> \n    \t\t\t    \n\t\t\t        <div class=\"content-wrap\">\n\t\t\t            Makine Ebat\u0131: 1400x1400x2000mm \t\t\t        <\/div>\n\t\t\t        \n\t\t\t        \t\t\t    <\/div>\n\t\t    \t\t\t\t<div class=\"master-icon-text list-item\">\n\t\t\t\t        \t\t\t        <div class=\"icon-wrap\">\n    \t\t\t\t        <i aria-hidden=\"true\" class=\"ci ci-check2\"><\/i>    \t\t\t        <\/div> \n    \t\t\t    \n\t\t\t        <div class=\"content-wrap\">\n\t\t\t            Sepet \u00c7ap\u0131: 1250 mm \t\t\t        <\/div>\n\t\t\t        \n\t\t\t        \t\t\t    <\/div>\n\t\t    \t\t\t\t<div class=\"master-icon-text list-item\">\n\t\t\t\t        \t\t\t        <div class=\"icon-wrap\">\n    \t\t\t\t        <i aria-hidden=\"true\" class=\"ci ci-check2\"><\/i>    \t\t\t        <\/div> \n    \t\t\t    \n\t\t\t        <div class=\"content-wrap\">\n\t\t\t            Ask\u0131 Say\u0131s\u0131: 2 \t\t\t        <\/div>\n\t\t\t        \n\t\t\t        \t\t\t    <\/div>\n\t\t    \t\t\t\t<div class=\"master-icon-text list-item\">\n\t\t\t\t        \t\t\t        <div class=\"icon-wrap\">\n    \t\t\t\t        <i aria-hidden=\"true\" class=\"ci ci-check2\"><\/i>    \t\t\t        <\/div> \n    \t\t\t    \n\t\t\t        <div class=\"content-wrap\">\n\t\t\t            Ask\u0131l\u0131 T\u00fcrbin Say\u0131s\u0131: 4 Adet \t\t\t        <\/div>\n\t\t\t        \n\t\t\t        \t\t\t    <\/div>\n\t\t    \t\t\t\t<div class=\"master-icon-text list-item\">\n\t\t\t\t        \t\t\t        <div class=\"icon-wrap\">\n    \t\t\t\t        <i aria-hidden=\"true\" class=\"ci ci-check2\"><\/i>    \t\t\t        <\/div> \n    \t\t\t    \n\t\t\t        <div class=\"content-wrap\">\n\t\t\t            Kapasite: 2 Ton\t\t\t        <\/div>\n\t\t\t        \n\t\t\t        \t\t\t    <\/div>\n\t\t    \t\t<\/div>\n\t\t\t<\/div>\n\t\t\t\t<\/div>\n\t\t\t\t\t<\/div>\n\t\t<\/div>\n\t\t\t\t\t<\/div>\n\t\t<\/section>\n\t\t\t\t\t<\/div>\n\t\t<\/div>\n\t\t\t\t\t<\/div>\n\t\t<\/section>\n\t\t<div class=\"elementor-element elementor-element-55b8a048 e-flex e-con-boxed e-con e-parent\" data-id=\"55b8a048\" data-element_type=\"container\">\n\t\t\t\t\t<div class=\"e-con-inner\">\n\t\t\t\t<div class=\"elementor-element elementor-element-4e6df33 elementor-widget elementor-widget-image\" data-id=\"4e6df33\" data-element_type=\"widget\" data-widget_type=\"image.default\">\n\t\t\t\t<div class=\"elementor-widget-container\">\n\t\t\t<style>\/*! elementor - v3.21.0 - 26-05-2024 *\/\n.elementor-widget-image{text-align:center}.elementor-widget-image a{display:inline-block}.elementor-widget-image a img[src$=\".svg\"]{width:48px}.elementor-widget-image img{vertical-align:middle;display:inline-block}<\/style>\t\t\t\t\t\t\t\t\t\t<img fetchpriority=\"high\" decoding=\"async\" width=\"2498\" height=\"754\" src=\"https:\/\/asetboya.com\/wp-content\/uploads\/2024\/06\/Ekran-Resmi-2024-06-11-03.36.04.png\" class=\"attachment-full size-full wp-image-6122\" alt=\"\" srcset=\"https:\/\/asetboya.com\/wp-content\/uploads\/2024\/06\/Ekran-Resmi-2024-06-11-03.36.04.png 2498w, https:\/\/asetboya.com\/wp-content\/uploads\/2024\/06\/Ekran-Resmi-2024-06-11-03.36.04-300x91.png 300w, https:\/\/asetboya.com\/wp-content\/uploads\/2024\/06\/Ekran-Resmi-2024-06-11-03.36.04-1024x309.png 1024w, https:\/\/asetboya.com\/wp-content\/uploads\/2024\/06\/Ekran-Resmi-2024-06-11-03.36.04-768x232.png 768w, https:\/\/asetboya.com\/wp-content\/uploads\/2024\/06\/Ekran-Resmi-2024-06-11-03.36.04-1536x464.png 1536w, https:\/\/asetboya.com\/wp-content\/uploads\/2024\/06\/Ekran-Resmi-2024-06-11-03.36.04-2048x618.png 2048w\" sizes=\"(max-width: 2498px) 100vw, 2498px\" \/>\t\t\t\t\t\t\t\t\t\t\t\t\t<\/div>\n\t\t\t\t<\/div>\n\t\t\t\t\t<\/div>\n\t\t\t\t<\/div>\n\t\t<div class=\"elementor-element elementor-element-76366b1 e-flex e-con-boxed e-con e-parent\" data-id=\"76366b1\" data-element_type=\"container\">\n\t\t\t\t\t<div class=\"e-con-inner\">\n\t\t\t\t<div class=\"elementor-element elementor-element-1ace69e elementor-widget elementor-widget-image\" data-id=\"1ace69e\" data-element_type=\"widget\" data-widget_type=\"image.default\">\n\t\t\t\t<div class=\"elementor-widget-container\">\n\t\t\t\t\t\t\t\t\t\t\t\t\t<img decoding=\"async\" width=\"2498\" height=\"1100\" src=\"https:\/\/asetboya.com\/wp-content\/uploads\/2024\/06\/Ekran-Resmi-2024-06-11-03.36.10.png\" class=\"attachment-full size-full wp-image-6123\" alt=\"\" srcset=\"https:\/\/asetboya.com\/wp-content\/uploads\/2024\/06\/Ekran-Resmi-2024-06-11-03.36.10.png 2498w, https:\/\/asetboya.com\/wp-content\/uploads\/2024\/06\/Ekran-Resmi-2024-06-11-03.36.10-300x132.png 300w, https:\/\/asetboya.com\/wp-content\/uploads\/2024\/06\/Ekran-Resmi-2024-06-11-03.36.10-1024x451.png 1024w, https:\/\/asetboya.com\/wp-content\/uploads\/2024\/06\/Ekran-Resmi-2024-06-11-03.36.10-768x338.png 768w, https:\/\/asetboya.com\/wp-content\/uploads\/2024\/06\/Ekran-Resmi-2024-06-11-03.36.10-1536x676.png 1536w, https:\/\/asetboya.com\/wp-content\/uploads\/2024\/06\/Ekran-Resmi-2024-06-11-03.36.10-2048x902.png 2048w\" sizes=\"(max-width: 2498px) 100vw, 2498px\" \/>\t\t\t\t\t\t\t\t\t\t\t\t\t<\/div>\n\t\t\t\t<\/div>\n\t\t\t\t\t<\/div>\n\t\t\t\t<\/div>\n\t\t<div class=\"elementor-element elementor-element-7ad38a8 e-flex e-con-boxed e-con e-parent\" data-id=\"7ad38a8\" data-element_type=\"container\">\n\t\t\t\t\t<div class=\"e-con-inner\">\n\t\t\t\t<div class=\"elementor-element elementor-element-84aae5b elementor-widget elementor-widget-mae-gallery-grid\" data-id=\"84aae5b\" data-element_type=\"widget\" data-widget_type=\"mae-gallery-grid.default\">\n\t\t\t\t<div class=\"elementor-widget-container\">\n\t\t\t\n        <div class=\"master-portfolio master-galleries\" data-config='{\"columns\":3,\"gapHorizontal\":30,\"gapVertical\":30,\"layoutMode\":\"grid\"}'>\n            <div class=\"galleries cbp\">\n                                    <div class=\"master-gallery cbp-item\">\n                        <div class=\"thumb\">\n                            <a class=\"zoom-popup-mfp\" href=\"https:\/\/asetboya.com\/wp-content\/uploads\/2024\/06\/Ekran-Resmi-2024-06-11-03.35.43.png\"><\/a>\n                            <img decoding=\"async\" width=\"663\" height=\"1024\" src=\"https:\/\/asetboya.com\/wp-content\/uploads\/2024\/06\/Ekran-Resmi-2024-06-11-03.35.43-663x1024.png\" class=\"attachment-large size-large wp-image-6124\" alt=\"\" srcset=\"https:\/\/asetboya.com\/wp-content\/uploads\/2024\/06\/Ekran-Resmi-2024-06-11-03.35.43-663x1024.png 663w, https:\/\/asetboya.com\/wp-content\/uploads\/2024\/06\/Ekran-Resmi-2024-06-11-03.35.43-194x300.png 194w, https:\/\/asetboya.com\/wp-content\/uploads\/2024\/06\/Ekran-Resmi-2024-06-11-03.35.43-768x1185.png 768w, https:\/\/asetboya.com\/wp-content\/uploads\/2024\/06\/Ekran-Resmi-2024-06-11-03.35.43-995x1536.png 995w, https:\/\/asetboya.com\/wp-content\/uploads\/2024\/06\/Ekran-Resmi-2024-06-11-03.35.43.png 1060w\" sizes=\"(max-width: 663px) 100vw, 663px\" \/>                        <\/div>\n                    <\/div>\n                                    <div class=\"master-gallery cbp-item\">\n                        <div class=\"thumb\">\n                            <a class=\"zoom-popup-mfp\" href=\"https:\/\/asetboya.com\/wp-content\/uploads\/2024\/06\/Ekran-Resmi-2024-06-11-03.35.48.png\"><\/a>\n                            <img loading=\"lazy\" decoding=\"async\" width=\"660\" height=\"1024\" src=\"https:\/\/asetboya.com\/wp-content\/uploads\/2024\/06\/Ekran-Resmi-2024-06-11-03.35.48-660x1024.png\" class=\"attachment-large size-large wp-image-6125\" alt=\"\" srcset=\"https:\/\/asetboya.com\/wp-content\/uploads\/2024\/06\/Ekran-Resmi-2024-06-11-03.35.48-660x1024.png 660w, https:\/\/asetboya.com\/wp-content\/uploads\/2024\/06\/Ekran-Resmi-2024-06-11-03.35.48-193x300.png 193w, https:\/\/asetboya.com\/wp-content\/uploads\/2024\/06\/Ekran-Resmi-2024-06-11-03.35.48-768x1192.png 768w, https:\/\/asetboya.com\/wp-content\/uploads\/2024\/06\/Ekran-Resmi-2024-06-11-03.35.48-990x1536.png 990w, https:\/\/asetboya.com\/wp-content\/uploads\/2024\/06\/Ekran-Resmi-2024-06-11-03.35.48.png 1058w\" sizes=\"(max-width: 660px) 100vw, 660px\" \/>                        <\/div>\n                    <\/div>\n                                    <div class=\"master-gallery cbp-item\">\n                        <div class=\"thumb\">\n                            <a class=\"zoom-popup-mfp\" href=\"https:\/\/asetboya.com\/wp-content\/uploads\/2024\/06\/Ekran-Resmi-2024-06-11-03.35.56.png\"><\/a>\n                            <img loading=\"lazy\" decoding=\"async\" width=\"657\" height=\"1024\" src=\"https:\/\/asetboya.com\/wp-content\/uploads\/2024\/06\/Ekran-Resmi-2024-06-11-03.35.56-657x1024.png\" class=\"attachment-large size-large wp-image-6126\" alt=\"\" srcset=\"https:\/\/asetboya.com\/wp-content\/uploads\/2024\/06\/Ekran-Resmi-2024-06-11-03.35.56-657x1024.png 657w, https:\/\/asetboya.com\/wp-content\/uploads\/2024\/06\/Ekran-Resmi-2024-06-11-03.35.56-192x300.png 192w, https:\/\/asetboya.com\/wp-content\/uploads\/2024\/06\/Ekran-Resmi-2024-06-11-03.35.56-768x1198.png 768w, https:\/\/asetboya.com\/wp-content\/uploads\/2024\/06\/Ekran-Resmi-2024-06-11-03.35.56-985x1536.png 985w, https:\/\/asetboya.com\/wp-content\/uploads\/2024\/06\/Ekran-Resmi-2024-06-11-03.35.56.png 1058w\" sizes=\"(max-width: 657px) 100vw, 657px\" \/>                        <\/div>\n                    <\/div>\n                            <\/div><!-- galleries -->\n        <\/div><!-- master-portfolio -->\n    \t\t<\/div>\n\t\t\t\t<\/div>\n\t\t\t\t\t<\/div>\n\t\t\t\t<\/div>\n\t\t\t\t<\/div>\n\t\t","protected":false},"excerpt":{"rendered":"<p>Main Footer Metal malzemelere, y\u00fczey temizleme i\u015flemi olarak uygulan\u0131r. Metal par\u00e7a y\u00fczeyindeki kaynak ve lazer kesim \u00e7apaklar\u0131, metal curuflar, pas, tufal vb. gibi kal\u0131nt\u0131lar\u0131n temizlenmesi i\u00e7in etkili uygun bir y\u00f6ntemdir. Makine Parkuru: Makine Ebat\u0131: 1400x1400x2000mm Sepet \u00c7ap\u0131: 1250 mm Ask\u0131 Say\u0131s\u0131: 2 Ask\u0131l\u0131 T\u00fcrbin Say\u0131s\u0131: 4 Adet Kapasite: 2 Ton<\/p>\n","protected":false},"author":1,"featured_media":0,"parent":0,"menu_order":0,"comment_status":"closed","ping_status":"closed","template":"","meta":{"inline_featured_image":false,"footnotes":""},"class_list":["post-6119","page","type-page","status-publish","hentry"],"_links":{"self":[{"href":"https:\/\/asetboya.com\/index.php\/wp-json\/wp\/v2\/pages\/6119","targetHints":{"allow":["GET"]}}],"collection":[{"href":"https:\/\/asetboya.com\/index.php\/wp-json\/wp\/v2\/pages"}],"about":[{"href":"https:\/\/asetboya.com\/index.php\/wp-json\/wp\/v2\/types\/page"}],"author":[{"embeddable":true,"href":"https:\/\/asetboya.com\/index.php\/wp-json\/wp\/v2\/users\/1"}],"replies":[{"embeddable":true,"href":"https:\/\/asetboya.com\/index.php\/wp-json\/wp\/v2\/comments?post=6119"}],"version-history":[{"count":4,"href":"https:\/\/asetboya.com\/index.php\/wp-json\/wp\/v2\/pages\/6119\/revisions"}],"predecessor-version":[{"id":6129,"href":"https:\/\/asetboya.com\/index.php\/wp-json\/wp\/v2\/pages\/6119\/revisions\/6129"}],"wp:attachment":[{"href":"https:\/\/asetboya.com\/index.php\/wp-json\/wp\/v2\/media?parent=6119"}],"curies":[{"name":"wp","href":"https:\/\/api.w.org\/{rel}","templated":true}]}}