{"id":5293,"date":"2023-10-13T02:06:47","date_gmt":"2023-10-13T02:06:47","guid":{"rendered":"https:\/\/tplabs.co\/tombuild\/?page_id=5293"},"modified":"2024-06-11T02:50:53","modified_gmt":"2024-06-10T23:50:53","slug":"services","status":"publish","type":"page","link":"https:\/\/asetboya.com\/index.php\/services\/","title":{"rendered":"Kalite Politikam\u0131z"},"content":{"rendered":"\t\t<div data-elementor-type=\"wp-page\" data-elementor-id=\"5293\" class=\"elementor elementor-5293\">\n\t\t\t\t\t\t<section class=\"elementor-section elementor-top-section elementor-element elementor-element-d02f3ac elementor-section-boxed elementor-section-height-default elementor-section-height-default\" data-id=\"d02f3ac\" data-element_type=\"section\">\n\t\t\t\t\t\t<div class=\"elementor-container elementor-column-gap-default\">\n\t\t\t\t\t<div class=\"elementor-column elementor-col-100 elementor-top-column elementor-element elementor-element-ae4c1dd\" data-id=\"ae4c1dd\" data-element_type=\"column\">\n\t\t\t<div class=\"elementor-widget-wrap elementor-element-populated\">\n\t\t\t\t\t\t<div class=\"elementor-element elementor-element-12bcc8d elementor-widget elementor-widget-mae-vertical-lines\" data-id=\"12bcc8d\" data-element_type=\"widget\" data-widget_type=\"mae-vertical-lines.default\">\n\t\t\t\t<div class=\"elementor-widget-container\">\n\t\t\t        <div class=\"master-vertical-lines\">\n                            <div class=\"line elementor-repeater-item-1635f37\"><\/div> \n                            <div class=\"line elementor-repeater-item-8e93fdb\"><\/div> \n                            <div class=\"line elementor-repeater-item-ae0f20a\"><\/div> \n                            <div class=\"line elementor-repeater-item-298b641\"><\/div> \n                    <\/div>\n        \t\t<\/div>\n\t\t\t\t<\/div>\n\t\t\t\t\t<\/div>\n\t\t<\/div>\n\t\t\t\t\t<\/div>\n\t\t<\/section>\n\t\t\t\t<section class=\"elementor-section elementor-top-section elementor-element elementor-element-0759efc elementor-section-boxed elementor-section-height-default elementor-section-height-default\" data-id=\"0759efc\" data-element_type=\"section\">\n\t\t\t\t\t\t<div class=\"elementor-container elementor-column-gap-default\">\n\t\t\t\t\t<div class=\"elementor-column elementor-col-100 elementor-top-column elementor-element elementor-element-190b6a5\" data-id=\"190b6a5\" data-element_type=\"column\" data-settings=\"{&quot;background_background&quot;:&quot;classic&quot;}\">\n\t\t\t<div class=\"elementor-widget-wrap elementor-element-populated\">\n\t\t\t\t\t\t<div class=\"elementor-element elementor-element-d487d79 elementor-widget elementor-widget-spacer\" data-id=\"d487d79\" data-element_type=\"widget\" data-widget_type=\"spacer.default\">\n\t\t\t\t<div class=\"elementor-widget-container\">\n\t\t\t<style>\/*! elementor - v3.21.0 - 26-05-2024 *\/\n.elementor-column .elementor-spacer-inner{height:var(--spacer-size)}.e-con{--container-widget-width:100%}.e-con-inner>.elementor-widget-spacer,.e-con>.elementor-widget-spacer{width:var(--container-widget-width,var(--spacer-size));--align-self:var(--container-widget-align-self,initial);--flex-shrink:0}.e-con-inner>.elementor-widget-spacer>.elementor-widget-container,.e-con>.elementor-widget-spacer>.elementor-widget-container{height:100%;width:100%}.e-con-inner>.elementor-widget-spacer>.elementor-widget-container>.elementor-spacer,.e-con>.elementor-widget-spacer>.elementor-widget-container>.elementor-spacer{height:100%}.e-con-inner>.elementor-widget-spacer>.elementor-widget-container>.elementor-spacer>.elementor-spacer-inner,.e-con>.elementor-widget-spacer>.elementor-widget-container>.elementor-spacer>.elementor-spacer-inner{height:var(--container-widget-height,var(--spacer-size))}.e-con-inner>.elementor-widget-spacer.elementor-widget-empty,.e-con>.elementor-widget-spacer.elementor-widget-empty{position:relative;min-height:22px;min-width:22px}.e-con-inner>.elementor-widget-spacer.elementor-widget-empty .elementor-widget-empty-icon,.e-con>.elementor-widget-spacer.elementor-widget-empty .elementor-widget-empty-icon{position:absolute;top:0;bottom:0;left:0;right:0;margin:auto;padding:0;width:22px;height:22px}<\/style>\t\t<div class=\"elementor-spacer\">\n\t\t\t<div class=\"elementor-spacer-inner\"><\/div>\n\t\t<\/div>\n\t\t\t\t<\/div>\n\t\t\t\t<\/div>\n\t\t\t\t<section class=\"elementor-section elementor-inner-section elementor-element elementor-element-707ddb7 elementor-section-boxed elementor-section-height-default elementor-section-height-default\" data-id=\"707ddb7\" data-element_type=\"section\">\n\t\t\t\t\t\t<div class=\"elementor-container elementor-column-gap-default\">\n\t\t\t\t\t<div class=\"elementor-column elementor-col-100 elementor-inner-column elementor-element elementor-element-08895b5\" data-id=\"08895b5\" data-element_type=\"column\">\n\t\t\t<div class=\"elementor-widget-wrap elementor-element-populated\">\n\t\t\t\t\t\t<div class=\"elementor-element elementor-element-47c1447 align-center heading-default elementor-widget elementor-widget-mae-headings\" data-id=\"47c1447\" data-element_type=\"widget\" data-widget_type=\"mae-headings.default\">\n\t\t\t\t<div class=\"elementor-widget-container\">\n\t\t\t\t\t<div class=\"master-heading sep-none\">\n\t\t\t\t\t\t\t        \n\t        \n\t        \t        <h2 class=\"main-heading\">Kalite Politikam\u0131z<\/h2>\n\t        \n\t        \n\t        \t            <div class=\"sub-heading\">\nBiz, elektrostatik toz boya ve kumlama sekt\u00f6r\u00fcnde m\u00fc\u015fteri memnuniyetini ve kalite standartlar\u0131n\u0131 en \u00fcst d\u00fczeye \u00e7\u0131karmay\u0131 taahh\u00fct ederiz. Kalite politikam\u0131z, m\u00fc\u015fteri memnuniyetini sa\u011flamak, s\u00fcrekli iyile\u015ftirmeyi te\u015fvik etmek ve \u00e7evresel s\u00fcrd\u00fcr\u00fclebilirli\u011fi desteklemek \u00fczerine odaklanm\u0131\u015ft\u0131r.<span class=\"accent-color\">.<\/span><\/div>\n\t        \t    <\/div>\n\t    \t\t<\/div>\n\t\t\t\t<\/div>\n\t\t\t\t\t<\/div>\n\t\t<\/div>\n\t\t\t\t\t<\/div>\n\t\t<\/section>\n\t\t\t\t<section class=\"elementor-section elementor-inner-section elementor-element elementor-element-cecc5f1 elementor-section-boxed elementor-section-height-default elementor-section-height-default\" data-id=\"cecc5f1\" data-element_type=\"section\">\n\t\t\t\t\t\t<div class=\"elementor-container elementor-column-gap-default\">\n\t\t\t\t\t<div class=\"elementor-column elementor-col-25 elementor-inner-column elementor-element elementor-element-95cf02e\" data-id=\"95cf02e\" data-element_type=\"column\">\n\t\t\t<div class=\"elementor-widget-wrap elementor-element-populated\">\n\t\t\t\t\t\t<div class=\"elementor-element elementor-element-582dd13 align-center icon-box-default icon-position-top elementor-widget elementor-widget-mae-icon-box\" data-id=\"582dd13\" data-element_type=\"widget\" data-widget_type=\"mae-icon-box.default\">\n\t\t\t\t<div class=\"elementor-widget-container\">\n\t\t\t                <div class=\"master-icon-box\" >\n                        \n            <div class=\"inner\">\n                <div class=\"icon-wrap\"><div class=\"master-icon\"><\/div><\/div>\n                <div class=\"text-wrap\">\n                    <h2 class=\"headline-2\">M\u00fc\u015fteri Memnuniyeti:<\/h2><div class=\"desc\">M\u00fc\u015fterilerimizin ihtiya\u00e7lar\u0131n\u0131 anlamak ve onlara uygun \u00e7\u00f6z\u00fcmler sunmak i\u00e7in \u00e7aba g\u00f6steririz. M\u00fc\u015fteri geri bildirimlerini dikkate al\u0131r ve h\u0131zl\u0131, esnek ve verimli bir hizmet sunmay\u0131 ama\u00e7lar\u0131z.<\/div>                <\/div>\n            <\/div>\n\n            <div class=\"bg-static\"><\/div>        <\/div>\n        \t\t<\/div>\n\t\t\t\t<\/div>\n\t\t\t\t\t<\/div>\n\t\t<\/div>\n\t\t\t\t<div class=\"elementor-column elementor-col-25 elementor-inner-column elementor-element elementor-element-788118f\" data-id=\"788118f\" data-element_type=\"column\">\n\t\t\t<div class=\"elementor-widget-wrap elementor-element-populated\">\n\t\t\t\t\t\t<div class=\"elementor-element elementor-element-21e99b1 align-center icon-box-default icon-position-top elementor-widget elementor-widget-mae-icon-box\" data-id=\"21e99b1\" data-element_type=\"widget\" data-widget_type=\"mae-icon-box.default\">\n\t\t\t\t<div class=\"elementor-widget-container\">\n\t\t\t                <div class=\"master-icon-box\" >\n                        \n            <div class=\"inner\">\n                <div class=\"icon-wrap\"><div class=\"master-icon\"><\/div><\/div>\n                <div class=\"text-wrap\">\n                    <h2 class=\"headline-2\">Kalite Standartlar\u0131<\/h2><div class=\"desc\">\u00dcr\u00fcnlerimiz ve hizmetlerimizde s\u00fcrekli olarak y\u00fcksek kalite standartlar\u0131n\u0131 koruruz. \u0130\u015f s\u00fcre\u00e7lerimizi s\u00fcrekli g\u00f6zden ge\u00e7irir ve iyile\u015ftirme f\u0131rsatlar\u0131n\u0131 arar\u0131z.<\/div>                <\/div>\n            <\/div>\n\n            <div class=\"bg-static\"><\/div>        <\/div>\n        \t\t<\/div>\n\t\t\t\t<\/div>\n\t\t\t\t\t<\/div>\n\t\t<\/div>\n\t\t\t\t<div class=\"elementor-column elementor-col-25 elementor-inner-column elementor-element elementor-element-c0f0eb5\" data-id=\"c0f0eb5\" data-element_type=\"column\">\n\t\t\t<div class=\"elementor-widget-wrap elementor-element-populated\">\n\t\t\t\t\t\t<div class=\"elementor-element elementor-element-e192932 align-center icon-box-default icon-position-top elementor-widget elementor-widget-mae-icon-box\" data-id=\"e192932\" data-element_type=\"widget\" data-widget_type=\"mae-icon-box.default\">\n\t\t\t\t<div class=\"elementor-widget-container\">\n\t\t\t                <div class=\"master-icon-box\" >\n                        \n            <div class=\"inner\">\n                <div class=\"icon-wrap\"><div class=\"master-icon\"><\/div><\/div>\n                <div class=\"text-wrap\">\n                    <h2 class=\"headline-2\">Personel Kat\u0131l\u0131m\u0131 ve E\u011fitimi<\/h2><div class=\"desc\">Personelimizin kat\u0131l\u0131m\u0131n\u0131 te\u015fvik eder ve onlar\u0131n s\u00fcrekli e\u011fitimini destekleriz. \u00c7al\u0131\u015fanlar\u0131m\u0131z\u0131n bilgi ve becerilerini geli\u015ftirerek i\u015f s\u00fcre\u00e7lerimizin etkinli\u011fini ve verimlili\u011fini art\u0131r\u0131r\u0131z.<\/div>                <\/div>\n            <\/div>\n\n            <div class=\"bg-static\"><\/div>        <\/div>\n        \t\t<\/div>\n\t\t\t\t<\/div>\n\t\t\t\t\t<\/div>\n\t\t<\/div>\n\t\t\t\t<div class=\"elementor-column elementor-col-25 elementor-inner-column elementor-element elementor-element-59e3751\" data-id=\"59e3751\" data-element_type=\"column\">\n\t\t\t<div class=\"elementor-widget-wrap elementor-element-populated\">\n\t\t\t\t\t\t<div class=\"elementor-element elementor-element-ae1ea9c align-center icon-box-default icon-position-top elementor-widget elementor-widget-mae-icon-box\" data-id=\"ae1ea9c\" data-element_type=\"widget\" data-widget_type=\"mae-icon-box.default\">\n\t\t\t\t<div class=\"elementor-widget-container\">\n\t\t\t                <div class=\"master-icon-box\" >\n                        \n            <div class=\"inner\">\n                <div class=\"icon-wrap\"><div class=\"master-icon\"><\/div><\/div>\n                <div class=\"text-wrap\">\n                    <h2 class=\"headline-2\">\u00c7evresel Sorumluluk<\/h2><div class=\"desc\">\u00c7evresel etkilerimizi azaltmak i\u00e7in \u00e7aba g\u00f6sterir ve \u00e7evresel y\u00f6netim uygulamalar\u0131n\u0131 benimseriz. S\u00fcrd\u00fcr\u00fclebilirlik ilkelerini i\u015fletme faaliyetlerimize entegre ederiz.<\/div>                <\/div>\n            <\/div>\n\n            <div class=\"bg-static\"><\/div>        <\/div>\n        \t\t<\/div>\n\t\t\t\t<\/div>\n\t\t\t\t\t<\/div>\n\t\t<\/div>\n\t\t\t\t\t<\/div>\n\t\t<\/section>\n\t\t\t\t<div class=\"elementor-element elementor-element-fbef18b elementor-widget elementor-widget-spacer\" data-id=\"fbef18b\" data-element_type=\"widget\" data-widget_type=\"spacer.default\">\n\t\t\t\t<div class=\"elementor-widget-container\">\n\t\t\t\t\t<div class=\"elementor-spacer\">\n\t\t\t<div class=\"elementor-spacer-inner\"><\/div>\n\t\t<\/div>\n\t\t\t\t<\/div>\n\t\t\t\t<\/div>\n\t\t\t\t\t<\/div>\n\t\t<\/div>\n\t\t\t\t\t<\/div>\n\t\t<\/section>\n\t\t\t\t<section class=\"elementor-section elementor-top-section elementor-element elementor-element-e6236e7 elementor-section-boxed elementor-section-height-default elementor-section-height-default\" data-id=\"e6236e7\" data-element_type=\"section\">\n\t\t\t\t\t\t<div class=\"elementor-container elementor-column-gap-default\">\n\t\t\t\t\t<div class=\"elementor-column elementor-col-100 elementor-top-column elementor-element elementor-element-fe31cfb\" data-id=\"fe31cfb\" data-element_type=\"column\">\n\t\t\t<div class=\"elementor-widget-wrap elementor-element-populated\">\n\t\t\t\t\t\t<div class=\"elementor-element elementor-element-b8704d6 elementor-widget elementor-widget-spacer\" data-id=\"b8704d6\" data-element_type=\"widget\" data-widget_type=\"spacer.default\">\n\t\t\t\t<div class=\"elementor-widget-container\">\n\t\t\t\t\t<div class=\"elementor-spacer\">\n\t\t\t<div class=\"elementor-spacer-inner\"><\/div>\n\t\t<\/div>\n\t\t\t\t<\/div>\n\t\t\t\t<\/div>\n\t\t\t\t<div class=\"elementor-element elementor-element-922cd91 align-center heading-default elementor-widget elementor-widget-mae-headings\" data-id=\"922cd91\" data-element_type=\"widget\" data-widget_type=\"mae-headings.default\">\n\t\t\t\t<div class=\"elementor-widget-container\">\n\t\t\t\t\t<div class=\"master-heading sep-none\">\n\t\t\t\t\t\t\t        \n\t        \n\t        \t        <h2 class=\"main-heading\">Bu kalite politikas\u0131, Aset Toz Boya'n\u0131n m\u00fc\u015fterilere olan ba\u011fl\u0131l\u0131\u011f\u0131n\u0131, kalite odakl\u0131 yakla\u015f\u0131m\u0131n\u0131 ve s\u00fcrekli iyile\u015ftirme \u00e7abalar\u0131n\u0131 yans\u0131tmaktad\u0131r. \u0130\u015fletmemizin t\u00fcm \u00e7al\u0131\u015fanlar\u0131, bu politikaya ba\u011fl\u0131 kalarak kalite standartlar\u0131n\u0131 ve m\u00fc\u015fteri memnuniyetini sa\u011flamak i\u00e7in birlikte \u00e7al\u0131\u015f\u0131r.<\/h2>\n\t        \n\t        \n\t        \t    <\/div>\n\t    \t\t<\/div>\n\t\t\t\t<\/div>\n\t\t\t\t\t<\/div>\n\t\t<\/div>\n\t\t\t\t\t<\/div>\n\t\t<\/section>\n\t\t\t\t<\/div>\n\t\t","protected":false},"excerpt":{"rendered":"<p>Kalite Politikam\u0131z Biz, elektrostatik toz boya ve kumlama sekt\u00f6r\u00fcnde m\u00fc\u015fteri memnuniyetini ve kalite standartlar\u0131n\u0131 en \u00fcst d\u00fczeye \u00e7\u0131karmay\u0131 taahh\u00fct ederiz. Kalite politikam\u0131z, m\u00fc\u015fteri memnuniyetini sa\u011flamak, s\u00fcrekli iyile\u015ftirmeyi te\u015fvik etmek ve \u00e7evresel s\u00fcrd\u00fcr\u00fclebilirli\u011fi desteklemek \u00fczerine odaklanm\u0131\u015ft\u0131r.. M\u00fc\u015fteri Memnuniyeti: M\u00fc\u015fterilerimizin ihtiya\u00e7lar\u0131n\u0131 anlamak ve onlara uygun \u00e7\u00f6z\u00fcmler sunmak i\u00e7in \u00e7aba g\u00f6steririz. M\u00fc\u015fteri geri<\/p>\n","protected":false},"author":1,"featured_media":0,"parent":0,"menu_order":0,"comment_status":"closed","ping_status":"closed","template":"","meta":{"inline_featured_image":false,"footnotes":""},"class_list":["post-5293","page","type-page","status-publish","hentry"],"_links":{"self":[{"href":"https:\/\/asetboya.com\/index.php\/wp-json\/wp\/v2\/pages\/5293","targetHints":{"allow":["GET"]}}],"collection":[{"href":"https:\/\/asetboya.com\/index.php\/wp-json\/wp\/v2\/pages"}],"about":[{"href":"https:\/\/asetboya.com\/index.php\/wp-json\/wp\/v2\/types\/page"}],"author":[{"embeddable":true,"href":"https:\/\/asetboya.com\/index.php\/wp-json\/wp\/v2\/users\/1"}],"replies":[{"embeddable":true,"href":"https:\/\/asetboya.com\/index.php\/wp-json\/wp\/v2\/comments?post=5293"}],"version-history":[{"count":9,"href":"https:\/\/asetboya.com\/index.php\/wp-json\/wp\/v2\/pages\/5293\/revisions"}],"predecessor-version":[{"id":6056,"href":"https:\/\/asetboya.com\/index.php\/wp-json\/wp\/v2\/pages\/5293\/revisions\/6056"}],"wp:attachment":[{"href":"https:\/\/asetboya.com\/index.php\/wp-json\/wp\/v2\/media?parent=5293"}],"curies":[{"name":"wp","href":"https:\/\/api.w.org\/{rel}","templated":true}]}}